it of 1204479?
4
What is the thousands digit of 2763693?
3
What is the tens digit of 1120378?
7
What is the ten millions digit of 17075725?
1
What is the hundreds digit of 56548?
5
What is the tens digit of 1635148?
4
What is the thousands digit of 712719?
2
What is the millions digit of 9485584?
9
What is the ten thousands digit of 606686?
0
What is the hundreds digit of 113872?
8
What is the tens digit of 736608?
0
What is the tens digit of 75673?
7
What is the hundreds digit of 55198?
1
What is the units digit of 12550?
0
What is the tens digit of 12546925?
2
What is the hundred thousands digit of 3011750?
0
What is the ten thousands digit of 188233?
8
What is the units digit of 157551?
1
What is the thousands digit of 3711304?
1
What is the units digit of 51412?
2
What is the hundreds digit of 10545259?
2
What is the units digit of 3656579?
9
What is the thousands digit of 367740?
7
What is the hundred thousands digit of 1030261?
0
What is the hundred thousands digit of 875254?
8
What is the units digit of 5059294?
4
What is the ten thousands digit of 396437?
9
What is the hundreds digit of 4995707?
7
What is the hundred thousands digit of 8629608?
6
What is the hundred thousands digit of 110809?
1
What is the millions digit of 1848159?
1
What is the tens digit of 36786421?
2
What is the hundreds digit of 365528?
5
What is the hundreds digit of 822382?
3
What is the hundreds digit of 184413?
4
What is the tens digit of 4539243?
4
What is the millions digit of 2045353?
2
What is the thousands digit of 176327?
6
What is the thousands digit of 12879868?
9
What is the hundred thousands digit of 377537?
3
What is the hundreds digit of 381301?
3
What is the hundreds digit of 1932613?
6
What is the thousands digit of 11845257?
5
What is the tens digit of 7732962?
6
What is the tens digit of 2536171?
7
What is the units digit of 1006198?
8
What is the units digit of 9016248?
8
What is the thousands digit of 530679?
0
What is the ten thousands digit of 24349624?
4
What is the ten thousands digit of 7268639?
6
What is the thousands digit of 13006617?
6
What is the units digit of 4621299?
9
What is the hundreds digit of 1715665?
6
What is the hundred thousands digit of 754327?
7
What is the ten thousands digit of 803258?
0
What is the hundred thousands digit of 33329144?
3
What is the millions digit of 1185741?
1
What is the units digit of 2981818?
8
What is the tens digit of 405433?
3
What is the hundreds digit of 166023?
0
What is the ten thousands digit of 24026?
2
What is the units digit of 3633471?
1
What is the ten millions digit of 16255891?
1
What is the ten thousands digit of 252418?
5
What is the units digit of 922388?
8
What is the ten thousands digit of 872977?
7
What is the tens digit of 3918297?
9
What is the units digit of 38798945?
5
What is the tens digit of 3705524?
2
What is the units digit of 4461088?
8
What is the units digit of 11293520?
0
What is the hundreds digit of 44473?
4
What is the ten thousands digit of 31260148?
6
What is the hundred thousands digit of 26954399?
9
What is the hundred thousands digit of 325783?
3
What is the hundreds digit of 1331653?
6
What is the ten thousands digit of 24261810?
6
What is the hundreds digit of 4896587?
5
What is the thousands digit of 19946265?
6
What is the millions digit of 8966693?
8
What is the millions digit of 2165273?
2
What is the millions digit of 12015386?
2
What is the tens digit of 5355932?
3
What is the tens digit of 13085525?
2
What is the hundred thousands digit of 605233?
6
What is the hundred thousands digit of 9205207?
2
What is the units digit of 12394?
4
What is the units digit of 2729089?
9
What is the hundreds digit of 600894?
8
What is the tens digit of 840108?
0
What is the tens digit of 4546046?
4
What is the hundreds digit of 4257420?
4
What is the units digit of 24989?
9
What is the hundreds digit of 1130809?
8
What is the tens digit of 399569?
6
What is the ten thousands digit of 230124?
3
What is the ten thousands digit of 872251?
7
What is the units digit of 163935?
5
What is the hundred thousands digit of 264329?
2
What is the hundreds digit of 458966?
9
What is the ten thousands digit of 265787?
6
What is the hundred thousands digit of 6881541?
8
What is the hundred thousands digit of 1625880?
6
What is the ten thousands digit of 2575849?
7
What is the thousands digit of 14964770?
4
What is the hundred thousands digit of 1635715?
6
What is the hundreds digit of 18552389?
3
What is the tens digit of 625007?
0
What is the thousands digit of 896491?
6
What is the tens digit of 1830944?
4
What is the ten thousands digit of 200784?
0
What is the units digit of 37118?
8
What is the hundred thousands digit of 356457?
3
What is the hundreds digit of 49408?
4
What is the hundred thousands digit of 13030315?
0
What is the units digit of 893098?
8
What is the millions digit of 1749228?
1
What is the ten thousands digit of 5973190?
7
What is the units digit of 40962?
2
What is the tens digit of 875815?
1
What is the tens digit of 521294?
9
What is the hundreds digit of 889036?
0
What is the hundreds digit of 1561220?
2
What is the ten thousands digit of 1416508?
1
What is the hundred thousands digit of 1445413?
4
What is the tens digit of 190253?
5
What is the tens digit of 673844?
4
What is the hundreds digit of 9930525?
5
What is the thousands digit of 428232?
8
What is the ten thousands digit of 257420?
5
What is the tens digit of 103657?
5
What is the hundred thousands digit of 713122?
7
What is the hundred thousands digit of 4671013?
6
What is the hundred thousands digit of 211065?
2
What is the ten millions digit of 15210410?
1
What is the hundreds digit of 83371?
3
What is the ten thousands digit of 16584094?
8
What is the ten thousands digit of 286385?
8
What is the hundreds digit of 4620318?
3
What is the ten millions digit of 11112054?
1
What is the millions digit of 10752966?
0
What is the tens digit of 864753?
5
What is the hundreds digit of 393933?
9
What is the thousands digit of 809551?
9
What is the thousands digit of 885835?
5
What is the units digit of 131729?
9
What is the ten thousands digit of 772608?
7
What is the units digit of 2155354?
4
What is the hundred thousands digit of 1756921?
7
What is the thousands digit of 150553?
0
What is the thousands digit of 836274?
6
What is the millions digit of 8520272?
8
What is the hundred thousands digit of 192070?
1
What is the hundreds digit of 39663?
6
What is the units digit of 5130700?
0
What is the ten thousands digit of 32672648?
7
What is the units digit of 1766657?
7
What is the ten thousands digit of 299173?
9
What is the hundred thousands digit of 2144200?
1
What is the ten thousands digit of 1587309?
8
What is the ten thousands digit of 6837433?
3
What is the units digit of 62392?
2
What is the millions digit of 18323658?
8
What is the hundreds digit of 86721?
7
What is the hundreds digit of 93946?
9
What is the hundreds digit of 19089208?
2
What is the millions digit of 2874298?
2
What is the tens digit of 742646?
4
What is the hundreds digit of 13905786?
7
What is the ten millions digit of 35537816?
3
What is the units digit of 872910?
0
What is the tens digit of 4426517?
1
What is the units digit of 31185908?
8
What is the hundreds digit of 95295?
2
What is the ten millions digit of 18970125?
1
What is the hundred thousands digit of 137587?
1
What is the tens digit of 214798?
9
What is the hundred thousands digit of 129099?
1
What is the ten thousands digit of 935559?
3
What is the tens digit of 117968?
6
What is the tens digit of 2385403?
0
What is the ten thousands digit of 248689?
4
What is the thousands digit of 927263?
7
What is the hundred thousands digit of 483642?
4
What is the units digit of 452546?
6
What is the ten millions digit of 40371064?
4
What is the millions digit of 7609006?
7
What is the tens digit of 5434?
3
What is the tens digit of 42523?
2
What is the units digit of 2934648?
8
What is the thousands digit of 2813900?
3
What is the units digit of 1998905?
5
What is the units digit of 6237077?
7
What is the thousands digit of 5949?
5
What is the hundreds digit of 9044317?
3
What is the units digit of 784014?
4
What is the units digit of 4919777?
7
What is the ten